{"id":61,"date":"2020-01-23T18:21:52","date_gmt":"2020-01-23T18:21:52","guid":{"rendered":"https:\/\/demosites.io\/web-agency-gb\/?page_id=61"},"modified":"2024-11-27T19:29:22","modified_gmt":"2024-11-27T18:29:22","slug":"15c42-web-agency-gb-about-us","status":"publish","type":"page","link":"https:\/\/es-courcellessurnied.fr\/?page_id=61","title":{"rendered":"A propos de l&rsquo;ESCN"},"content":{"rendered":"\n<p>L\u2019ESCN a \u00e9t\u00e9 fond\u00e9e en 1946, avec un terrain inaugur\u00e9 en ao\u00fbt 1976 au lieu-dit \u00ab Entre 2 pr\u00e9s \u00bb.<\/p>\n\n\n\n<p>Les vestiaires joueurs ont \u00e9t\u00e9 inaugur\u00e9s en 1984. <\/p>\n\n\n\n<p><\/p>\n\n\n\n<p><strong>Le club<\/strong><\/p>\n\n\n\n<p>Le pr\u00e9sident de l&rsquo;ESCN est Dominique Lasotta depuis 18 ans et le club dispose d&rsquo;une organisation o\u00f9 chaque domaine sp\u00e9cifique \u00e0 son responsable. Ainsi, il y a des responsables pour les manifestations, pour les cat\u00e9gories de l&rsquo;\u00e9cole de foot, pour la tr\u00e9sorerie, pour le secr\u00e9tariat, pour les sponsors et partenariats, pour la gestion des terrains et infrastructures etc.<\/p>\n\n\n\n<p>N\u00e9anmoins, c\u2019est le comit\u00e9 qui prend les d\u00e9cisions du club.<\/p>\n\n\n\n<p><\/p>\n\n\n\n<p><strong>Quelques chiffres<\/strong><\/p>\n\n\n\n<p>Actuellement, le club compte envrion 160 licenci\u00e9s r\u00e9partis entre les cat\u00e9gories de l&rsquo;Ecole de foot, (au nombre de 4), et les \u00e9quipes Senior A et B, entra\u00een\u00e9es par Cl\u00e9ment et Michel. Les gardiens seniors ont un entra\u00eeneur sp\u00e9cifique, Philippe.<\/p>\n\n\n\n<p><\/p>\n\n\n\n<p><strong>Activit\u00e9s du club<\/strong><\/p>\n\n\n\n<p>Le club participe \u00e0 la vie du village en prenant part activement \u00e0 Courcelles \u00c9tincelle avec la tenue du stand boisson et restauration tout au long de ce week-end, mais \u00e9galement \u00e0 l&rsquo;organisation de la brocante avec le club de Zumba ou encore \u00e0 la kermesse de l\u2019\u00e9cole pour faire d\u00e9couvrir ce sport.<\/p>\n\n\n\n<p>L&rsquo;ESCN met en place \u00e9galement diff\u00e9rentes actions durant l&rsquo;ann\u00e9e :<\/p>\n\n\n\n<ul class=\"wp-block-list\">\n<li>la Saint Nicolas organis\u00e9e chaque ann\u00e9e : chaque enfant re\u00e7oit des chocolats et autres cadeaux<\/li>\n<\/ul>\n\n\n\n<ul class=\"wp-block-list\">\n<li>la sensibilisation \u00e0 des causes comme par exemple la journ\u00e9e mondiale de la Trisomie 21 o\u00f9 chaque licenci\u00e9 est invit\u00e9 \u00e0 venir \u00e0 l\u2019entra\u00eenement avec des chaussettes d\u00e9pareill\u00e9es.<\/li>\n<\/ul>\n\n\n\n<ul class=\"wp-block-list\">\n<li>la vente des calendriers, de brioches, de paellas permettant au club de r\u00e9cup\u00e9rer des fonds pour investir, pour d\u00e9velopper le club et pour permettre \u00e0 ses licenci\u00e9s de pouvoir participer \u00e0 des tournois sportifs tels que le tournoi du Troph\u00e9e de la Paix \u00e0 Verdun le week-end de la Pentec\u00f4te, r\u00e9unissant des \u00e9quipes de France du Luxembourg de Belgique et des Pays Bas.<\/li>\n<\/ul>\n\n\n\n<p><\/p>\n\n\n\n<p>Il organise aussi des \u00e9v\u00e9nements sportifs :<\/p>\n\n\n\n<ul class=\"wp-block-list\">\n<li>le Semi nocturne qui r\u00e9unit les \u00e9quipes des cat\u00e9gories U6 \u00e0 U9 des alentours ; l\u2019ann\u00e9e derni\u00e8re il y a eu plus de 30 \u00e9quipes.<\/li>\n<\/ul>\n\n\n\n<ul class=\"wp-block-list\">\n<li>La f\u00eate du club qui cl\u00f4ture la saison de football en juin, dans la joie et la bonne humeur autour d\u2019un barbecue et d\u2019un match amical entre enfants contre parents de chaque cat\u00e9gorie.<\/li>\n<\/ul>\n\n\n\n<p><\/p>\n\n\n\n<p><strong>Le clubn participe au niveau international<\/strong><\/p>\n\n\n\n<p><\/p>\n\n\n\n<p>De plus, le club envoie r\u00e9guli\u00e8rement des \u00e9quipements sportifs comme des ballons ou des maillots dans des associations africaines. Cette action est soutenue par l\u2019association Etincel Ensemble, bas\u00e9e \u00e0 Courcelles sur Nied. Cette ann\u00e9e c\u2019\u00e9tait au Burkina Faso pour l\u2019association \u00ab Mettons nous ensemble \u00bb, permettant ainsi de donner de la joie, de l\u2019aide et de la solidarit\u00e9 pour les \u00e9quipes de Kaya, ville du Burkina Faso.<\/p>\n\n\n\n<p><\/p>\n\n\n\n<p><strong>L&rsquo;Ecole de football de l&rsquo;ESCN<\/strong><\/p>\n\n\n\n<p>L\u2019\u00c9cole de foot a une place essentielle dans le club, elle est ouverte \u00e0 toutes et \u00e0 tous. Son principe est de d\u00e9couvrir les bases du jeu du football, de d\u00e9velopper la motricit\u00e9, la coordination, d&rsquo;apporter progressivement les bases techniques, d&rsquo;inculquer les valeurs, de d\u00e9velopper l\u2019esprit d\u2019\u00e9quipe, dans le respect des r\u00e8gles de la vie sociale, dans le vivre ensemble. D\u2019ailleurs, certains joueurs de l\u2019\u00e9quipe senior ont commenc\u00e9 le foot \u00e0 cinq ans \u00e0 Courcelles. C\u2019est le cas de Nicolas Mangenot qui est au club depuis 2002, et qui porte le brassard.<\/p>\n\n\n\n<p><strong>Les r\u00e9compenses de l&rsquo;ESCN<\/strong><\/p>\n\n\n\n<p>A noter que l\u2019ESCN est r\u00e9guli\u00e8rement r\u00e9compens\u00e9e par le district mosellan d\u2019une place dans le classement des meilleurs clubs de jeunes mosellans.<\/p>\n\n\n\n<p><\/p>\n\n\n\n<p><\/p>\n\n\n\n<p><\/p>\n","protected":false},"excerpt":{"rendered":"<p>L\u2019ESCN a \u00e9t\u00e9 fond\u00e9e en 1946, avec un terrain inaugur\u00e9 en ao\u00fbt 1976 au lieu-dit \u00ab Entre 2 pr\u00e9s \u00bb. Les vestiaires joueurs ont \u00e9t\u00e9 inaugur\u00e9s en 1984. Le club &#8230;<\/p>\n","protected":false},"author":1,"featured_media":0,"parent":0,"menu_order":0,"comment_status":"closed","ping_status":"closed","template":"","meta":{"_themeisle_gutenberg_block_has_review":false,"footnotes":""},"class_list":["post-61","page","type-page","status-publish","hentry"],"_links":{"self":[{"href":"https:\/\/es-courcellessurnied.fr\/index.php?rest_route=\/wp\/v2\/pages\/61","targetHints":{"allow":["GET"]}}],"collection":[{"href":"https:\/\/es-courcellessurnied.fr\/index.php?rest_route=\/wp\/v2\/pages"}],"about":[{"href":"https:\/\/es-courcellessurnied.fr\/index.php?rest_route=\/wp\/v2\/types\/page"}],"author":[{"embeddable":true,"href":"https:\/\/es-courcellessurnied.fr\/index.php?rest_route=\/wp\/v2\/users\/1"}],"replies":[{"embeddable":true,"href":"https:\/\/es-courcellessurnied.fr\/index.php?rest_route=%2Fwp%2Fv2%2Fcomments&post=61"}],"version-history":[{"count":2,"href":"https:\/\/es-courcellessurnied.fr\/index.php?rest_route=\/wp\/v2\/pages\/61\/revisions"}],"predecessor-version":[{"id":1576,"href":"https:\/\/es-courcellessurnied.fr\/index.php?rest_route=\/wp\/v2\/pages\/61\/revisions\/1576"}],"wp:attachment":[{"href":"https:\/\/es-courcellessurnied.fr\/index.php?rest_route=%2Fwp%2Fv2%2Fmedia&parent=61"}],"curies":[{"name":"wp","href":"https:\/\/api.w.org\/{rel}","templated":true}]}}